?
False
Suppose 720343 = -156*v + 169*v. Is v a prime number?
True
Suppose -3 - 2 = 5*o. Suppose -6 = -3*q - 2*a, -4*q = -a - 2*a - 8. Is q - (o + 0/3) composite?
False
Let w(r) = 792*r + 59. Is w(6) composite?
True
Let z(h) = -4*h + 1058. Let t be z(0). Suppose 2*q + 3*d = 1412, -q - 2*d + t = 353. Is q a composite number?
False
Let u be (5 - 2) + (-1 - -3). Suppose -p + 0 = -u. Suppose p*t = 738 + 77. Is t prime?
True
Let m(k) = -151*k**2 + 2*k. Let b be m(-1). Let u = b - -308. Is u prime?
False
Let g(u) = 3*u**2 - 15*u - 32. Let q(b) = -b**2 + 9*b - 8. Let c be q(6). Is g(c) a prime number?
False
Is (-16483)/(-6) + (-22)/132 composite?
True
Let p(v) = -v**2 - v**2 + 3 + 3*v**2 + 2 - 6*v. Let s be p(6). Suppose 2*l - s*l = -543. Is l a prime number?
True
Let r be 6/10 + 28/20. Suppose -m - 445 = -r*q - 0*q, m - 224 = -q. Is q prime?
True
Let p(g) = 2*g**3 - 16*g**2 + 18*g - 5. Let x = -40 + 51. Is p(x) composite?
False
Suppose 0*x + 5*i = -2*x + 8, 0 = 2*x - 5*i - 48. Let f(r) = 2*r**2 - r - 1. Let n be f(2). Let w = x + n. Is w a composite number?
False
Let d(u) = -u**2 - u - 1. Let c be d(-1). Suppose -23 = 3*k - 4*f, k - 3*f + 2 + 9 = 0. Is 3282/15 + c/k a composite number?
True
Let o(l) = l**2 - 5*l + 1. Let x be o(5). Let a be (14 + x)*3/9. Suppose 3 = h, -a*c - 8 = 3*h - 27. Is c a prime number?
True
Let t be ((-12)/1)/((9/2)/(-9)). Is ((-6)/(-4))/(t/944) composite?
False
Let j(h) = h**3 - 6*h**2 + 7*h + 3. Suppose 23 = 3*q + q + a, 0 = -3*q - 2*a + 21. Is j(q) prime?
True
Suppose w - 110 = -96. Is (-4527)/(-7) + w/49 a composite number?
False
Let r(c) = 3657*c**2 - 10*c + 66. Is r(5) composite?
True
Let t(d) = -62*d + 145. Is t(-32) a composite number?
False
Let f = 18 + -19. Let m be 12/(-12) + f + 1183. Suppose -m - 143 = -4*p. Is p a prime number?
True
Suppose -g - 20 = -19. Let f(m) = -1336*m**3 + 1. Is f(g) a prime number?
False
Let x(d) = -2*d**2 + 24*d - 3. Let v be x(12). Is (-2776 - (v + 4))*-1 composite?
False
Suppose 0 = 3*v + 4*z - 3*z + 46, -2*v + 5*z - 8 = 0. Let x(q) = q**2 - 13*q + 19. Is x(v) composite?
False
Let s(k) = 3*k**3 - 3*k**2 + 4. Suppose -8*m + 7*m + 3 = 0. Is s(m) a prime number?
False
Let z be (-2)/(-4)*(312 - -2). Is (-1)/1*z*-1 a prime number?
True
Let d(m) = -m**2 - 6*m. Suppose f = -0*f - 6. Let h be d(f). Suppose -2*n + 234 = 4*l, 4*n + h*l = 2*l + 428. Is n composite?
False
Let c be 88/(-12) - 4/6. Let r be c/(-3)*27/(-4). Let t = -5 - r. Is t a composite number?
False
Let j(s) = s**2 - 2*s + 10. Let q = -3 - 16. Is j(q) a composite number?
False
Let d(y) = 2 + 4 - 2 + 3 - y. Let n be d(3). Suppose 4*h + c = -n*c + 1188, 4*c = 2*h - 620. Is h a composite number?
True
Let q be 64/(-36)*-3*(-153)/(-12). Suppose q*a - 73*a + 5815 = 0. Is a composite?
False
Let z be (1/2)/((-10)/1000). Is (-3)/5 + (-34380)/z prime?
False
Let i = 17402 - 425. Is i a prime number?
False
Let s = -340 - -609. Is s composite?
False
Let t be -2*(-2 - -9 - (1 + 0)). Is t/(-28) + 27606/21 + 0 a prime number?
False
Let h(r) = -18*r**3 - 17*r**2 + 18*r + 13. Is h(-8) a prime number?
False
Let p(n) = n**2 + 907. Suppose 0 = s + 4*s - 45. Suppose 10*j = s*j. Is p(j) a composite number?
False
Let a(n) = 67*n - 60. Is a(19) prime?
True
Let j(x) = x + 8. Let a be j(-3). Suppose a*r - 1336 = 944. Let c = -202 + r. Is c composite?
True
Is ((-8)/16)/((-1)/3694) a prime number?
True
Let l be 1/(5 + (-58)/12). Is l/((-36)/2) + (-5920)/(-3) a composite number?
False
Let q(z) = -z**2 + 4*z + 6. Let f be q(5). Suppose f + 11 = -2*i. Is ((-290)/i)/(4/12) composite?
True
Let g(t) = 4*t**2 - t - 16. Let q be g(-7). Let c = q - -114. Is c a prime number?
False
Suppose 0 = -204*u + 206*u - 16706. Is u composite?
False
Suppose -5*h - 10 = 0, u = 13*h - 12*h + 397. Suppose u = y - 1064. Is y composite?
False
Suppose -5*j + 1 = -19. Let k be (2/j)/((-2)/(-12)). Is ((-44)/12)/(k/(-45)) a composite number?
True
Suppose 0 = 4*w - 0*w - 668. Suppose 5*z + 4*k = 2*z + w, -2*z = k - 103. Suppose 0*l + 83 = 2*i - 3*l, -l = i - z. Is i prime?
False
Let p be 72 - (6 - (1 + 1)). Suppose 6*a - 70 = a. Is (p - 1) + (a - 12) a composite number?
True
Suppose -2*d = -3*b + 2085, -4*d - 1091 = -2*b + 291. Is b composite?
True
Suppose 0 = 319*x - 311*x - 61352. Is x a prime number?
True
Let w = -73 - -108. Suppose 33*i = w*i - 118. Is i composite?
False
Let x(c) = c**2 - 3*c - 4. Let p be x(-3). Let a = p - 11. Suppose -20 = -5*v, a*s = 4*s - v - 10. Is s prime?
False
Let i(a) = 3*a - 12. Let m be i(5). Let j be -2 + 4 + (-3 - 1). Is (116/(-1))/j - m prime?
False
Suppose -285 = 7*h + 8*h. Suppose 4*f - 390 = f. Let d = f - h. Is d composite?
False
Let p(d) = -117*d + 28. Is p(-17) composite?
False
Let g(s) = 1575*s**2 + 52*s - 314. Is g(6) a prime number?
False
Let u(a) = -80*a - 259. Is u(-27) composite?
False
Let s(m) = -497*m - 269. Is s(-24) prime?
False
Suppose -2*d - 2*z = -6704, 122*d = 121*d - 2*z + 3355. Is d a prime number?
False
Suppose 0 = 6*u - 67908 - 23610. Is u a composite number?
True
Let l(p) = 3*p**2 + 6*p + 3. Let a be l(4). Is 1750/4 - a/(-50) a composite number?
False
Let k(d) = 6*d**2 - 8*d + 14. Let g be k(5). Suppose -g*l - 935 = -129*l. Is l a prime number?
False
Suppose -16*g + 12*g = 2096. Let c = g + 855. Is c a composite number?
False
Is -2 - (14*-10 + -1) prime?
True
Let z = 17 - 110. Let q = -55 - z. Is q prime?
False
Is -4 + (-5)/(-1) - -1680 prime?
False
Suppose 2*c - 1179 = 5*c. Is c*(-1)/9*3 composite?
False
Let u be 0/(-2) + 1*3. Suppose 0 = 14*f - 19*f + 10. Suppose u*p = f*y - 0*y - 239, -y - p + 132 = 0. Is y composite?
False
Suppose -4*q + 2*d = -2*d - 16, -4 = -q - 4*d. Suppose -q*r + 5*g + 543 = -817, 0 = -5*r - g + 1671. Is r a composite number?
True
Let g be (3 + 2)*(-3)/(-5). Suppose -4*d - 4*r + 688 = 0, 0*r + g*r + 329 = 2*d. Let j = 296 - d. Is j prime?
True
Let s = 92 + 436. Suppose -s = -2*g + 362. Is g prime?
False
Suppose 5*f + 0 = 10. Suppose -f*v = 2*m - 2 - 6, -2*m + 17 = 5*v. Suppose 60 = -v*x + 426. Is x prime?
False
Let i(u) = 3*u**2 - 17*u - 26. Let b be i(-13). Let z = b + -61. Is z composite?
False
Suppose 5*q - 28 = -a, 3*q + q - 38 = -2*a. Let b = 22 - 4. Let i = a + b. Is i a prime number?
True
Let w(l) = 101711*l**2 + 5*l - 3. Is w(1) a composite number?
True
Let l(w) = -w + 9. Let x be l(6). Suppose 5*u - 3*u - 3270 = 4*b, 2*b - 1655 = -u. Suppose -x*r + 2*f = 2*r - u, 0 = 4*f - 20. Is r composite?
False
Suppose 0 = -j - 7 - 6. Let m(b) = -273*b - 62. Is m(j) a composite number?
True
Let h = -25 - -23. Is (-1 - -380) + (-4)/h a prime number?
False
Let d = 6230 - 3548. Suppose -5*a = 437 - d. Is a a prime number?
True
Let y(p) = p**3 + 2*p**2 + 11*p - 12. Let w be y(6). Let f = w + -215. Is f composite?
False
Let o = 19 + -25. Let g be ((-1)/4)/(o/10968). Suppose 7*v + y - 658 = 4*v, -3*y - g = -2*v. Is v prime?
False
Is ((-470)/(-15))/((-1)/((-354)/4)) a composite number?
True
Let r be (-686)/3 + 6/9. Let b be 4*(111/(-4) - 1). Let n = b - r. Is n a prime number?
True
Let w(c) = 164*c**3 + c**2 - 2*c + 1. Is w(2) composite?
True
Is 21452/6*24/16 composite?
True
Let z = 4378 + -887. Is z prime?
True
Suppose -2*s + 3 = 4*o + 15, 2*s + 9 = -3*o. Is (16986/95)/((-2)/15*o) composite?
True
Suppose -y - 1053 = -2*c, -4*c - c + 2*y = -2632. Suppose 0 = -p - p + c. Is p composite?
False
Let r be 6/(-8) + 27111/84. Let s = -111 + r. Is s a prime number?
True
Let k = 6336 + 1811. Is k a prime number?
True
Suppose -19*w - 2235 = -22*w. Let q = 606 - -216. Let n = w + q. Is n composite?
False
Let b be -3*(-6)/18*13. Suppose b*l - 10362 = 8332. Is l a prime number?
False
Is -13 - -18 - (0 - 91248) composite?
False
Let r(t) = -109*t - 41. Is r(-10) composite?
False
Let p(b) be the second derivative of b**5/20 + 5*b**4/12 - b**3/3 - 3*b**2/2 + b. Let h be -2 - (8 - 0)/4. Is p(h) a prime number?
False
Let n(v) = 607*v**2 + 3*v - 3. Let r be n(3). Suppose -2*p - p = -r. Is p a prime number?
True
Suppose -z + 45579 = 5*w, -w + 2*w = -5*z + 227775. Suppose 3*g + o - 27330 = 0, 0*g - z = -5*g - 3*o. Is g composite?
False
Let h = -194 - -394. Let g = -84 - -112. Suppose -g = -4*b + h. Is b a prime number?
False
Let g(w) = w**2 + 5*w - 9. Let y be g(-6). Let o = 10 + y. Suppose -o*q = -922 + 131. Is q a prime number?
